{"id":8,"date":"2020-04-16T10:09:55","date_gmt":"2020-04-16T10:09:55","guid":{"rendered":"http:\/\/www.crmcentrosmedicos.es\/?page_id=8"},"modified":"2020-04-16T15:13:00","modified_gmt":"2020-04-16T15:13:00","slug":"inicio","status":"publish","type":"page","link":"https:\/\/www.crmcentrosmedicos.es\/","title":{"rendered":"Inicio"},"content":{"rendered":"\n<p>Cada d\u00eda la competencia entre los Centros de Reconocimientos de Conductores es mayor, provocando que la fidelizaci\u00f3n de los clientes adquiera cada vez m\u00e1s importancia. <strong>CENTROLYZER<\/strong>, una herramienta de an\u00e1lisis y gesti\u00f3n para Centros de Reconociementos de Conductores,  nace con el f\u00edn de ayudar a los centros a maximizar dicha fidelizaci\u00f3n.<\/p>\n","protected":false},"excerpt":{"rendered":"<p>Cada d\u00eda la competencia entre los Centros de Reconocimientos de Conductores es mayor, provocando que la fidelizaci\u00f3n de los clientes adquiera cada vez m\u00e1s importancia. CENTROLYZER, una herramienta de an\u00e1lisis y gesti\u00f3n para Centros de Reconociementos de Conductores, nace con el f\u00edn de ayudar a los centros a maximizar dicha fidelizaci\u00f3n.<\/p>\n","protected":false},"author":1,"featured_media":0,"parent":0,"menu_order":0,"comment_status":"closed","ping_status":"open","template":"","meta":{"footnotes":""},"class_list":["post-8","page","type-page","status-publish","hentry"],"_links":{"self":[{"href":"https:\/\/www.crmcentrosmedicos.es\/index.php\/wp-json\/wp\/v2\/pages\/8","targetHints":{"allow":["GET"]}}],"collection":[{"href":"https:\/\/www.crmcentrosmedicos.es\/index.php\/wp-json\/wp\/v2\/pages"}],"about":[{"href":"https:\/\/www.crmcentrosmedicos.es\/index.php\/wp-json\/wp\/v2\/types\/page"}],"author":[{"embeddable":true,"href":"https:\/\/www.crmcentrosmedicos.es\/index.php\/wp-json\/wp\/v2\/users\/1"}],"replies":[{"embeddable":true,"href":"https:\/\/www.crmcentrosmedicos.es\/index.php\/wp-json\/wp\/v2\/comments?post=8"}],"version-history":[{"count":2,"href":"https:\/\/www.crmcentrosmedicos.es\/index.php\/wp-json\/wp\/v2\/pages\/8\/revisions"}],"predecessor-version":[{"id":70,"href":"https:\/\/www.crmcentrosmedicos.es\/index.php\/wp-json\/wp\/v2\/pages\/8\/revisions\/70"}],"wp:attachment":[{"href":"https:\/\/www.crmcentrosmedicos.es\/index.php\/wp-json\/wp\/v2\/media?parent=8"}],"curies":[{"name":"wp","href":"https:\/\/api.w.org\/{rel}","templated":true}]}}